)/(-3) - 2)/(-33 - 1212/(-36)) is divided by 245?
0
Let z(o) = 83*o + 3289. What is the remainder when 141 is divided by z(-39)?
37
Suppose g - 948 = -5*c - 12, 0 = 4*c - 2*g - 760. Suppose -5*t + c = -142. Suppose 4*p + 757 = 825. What is the remainder when t is divided by p?
15
Let a(l) = 5*l**2 + 35*l - 79. Suppose -4*j = 2*j - 1176. What is the remainder when j is divided by a(-10)?
54
Suppose -b + 6*b = -4*n + 4935, 4*n = 0. Let f = 922 - 903. What is the remainder when b is divided by f?
18
Let g = -333 - -291. Let s = 72 + g. What is the remainder when 88 is divided by s?
28
Let b = 1006 + -987. Suppose -6*m - 288 + 960 = 0. What is the remainder when m is divided by b?
17
Let y = 27 - 13. Suppose -w + 18 = 5*h, -2*h = w - 4*h - 18. What is the remainder when y is divided by (-8)/((3/3)/(w/(-12)))?
2
Let j(w) = -w**3 + 9*w**2 - 16*w + 128. Let v = -2 + 4. Calculate the remainder when j(8) is divided by -2 + (v - (0 - 13)).
12
Let s(k) = 122*k - 4759. What is the remainder when s(40) is divided by -102*(-3 + 8/3)?
19
Let g(f) = -253*f**2 + 61*f**2 + 28 + 63*f**2 + 64*f**2 + 66*f**2. Let j = 0 + 0. Calculate the remainder when 83 is divided by g(j).
27
Let r(x) = -7*x - 132. Let n be r(-19). What is the remainder when 70 is divided by 36/n - (4 + -1)?
4
Suppose -3*x - 10 = -8*x. Suppose 0 = -3*i - n + 17, 6 = -x*i + 5*n + 40. Suppose -42 = -i*v + 4*v. Calculate the remainder when v is divided by 9.
5
Suppose 32*y = 330*y - 9834. What is the remainder when 219 is divided by y?
21
Suppose -3*k + 5*g - 1811 = 0, 2*g - 15 = 5*g. What is the remainder when -2 - 19/(57/k) is divided by 17?
15
Suppose 313*y - 159486 + 34599 = 0. Let o = -14 + 24. Calculate the remainder when y is divided by o.
9
Suppose -n - 5*p - 164 = 0, 4*n + 0*p + 748 = 3*p. Let t be n/12*(-6)/4 - -2. Suppose 0 = -t*w + 24*w + 1. What is the remainder when w is divided by 1?
0
What is the remainder when 1402 is divided by 1334/2 - 189/(-9)?
26
Suppose 27 - 29 = -p. Suppose p*o - 34 = -0. Calculate the remainder when 67 is divided by o.
16
What is the remainder when (-17)/(5 + 46) + -1*4436/(-6) is divided by 37?
36
Suppose 4*g = -5*c + 10, 3*g + 0*c - c = -2. Suppose g = 19*h - 14*h - 45. Let r(m) = m + 41. What is the remainder when r(10) is divided by h?
6
What is the remainder when 109 is divided by 3/(-9) + 2*145/15?
14
Let l(h) = -2*h**3 + 10 + h - 3*h**3 + 2*h**2 - 2*h**3 - 34*h**3. Calculate the remainder when l(-3) is divided by 18.
16
Let s(t) = 47*t - 221. What is the remainder when s(5) is divided by 7?
0
Suppose 0*h = 5*h + 5*k - 835, -4*h = -4*k - 692. Calculate the remainder when 520 is divided by h.
10
Suppose 0 = -0*r + 5*r - 3*r - 80. Let q(t) = -6*t - 7. What is the remainder when r is divided by q(-5)?
17
Let v be 8 + -9 - (-2 - 2). Suppose 5*x + v*o = 329, 4*x + o - 333 = -x. Suppose 3*f = x + 65. What is the remainder when f is divided by 24?
20
Suppose w = -32 + 757. Calculate the remainder when w is divided by 105.
95
Let i be 7/(-1) - (-1 + 0). Suppose 2*j = -3*j + 500. What is the remainder when j is divided by (16 + i)/((-30)/(-105))?
30
Let n(v) = -15*v**2 - 15*v + 25. Let d be n(4). Let c = 334 + d. What is the remainder when 104 is divided by c?
45
Suppose -29*o - 3525 = -44*o. Calculate the remainder when 2579 is divided by o.
229
Suppose -36 = -6*n - 3*n. Let i(y) = 9*y + 28. Calculate the remainder when i(n) is divided by 22.
20
Let z = 2242 - 586. What is the remainder when z is divided by 277?
271
Let x(q) be the third derivative of -q**4/8 - q**3/3 - q**2. Let d(p) = -15*p - 58. What is the remainder when d(-5) is divided by x(-2)?
1
Suppose -5*v + 3*l = 25, 0 = -2*v - 5*l + l + 16. What is the remainder when 11/(v/(-5)*(-9)/(-18)) is divided by 10?
5
Let s = 181 - 172. Suppose 5*x - 3*d = 2*x + 111, 10 = -2*d. Calculate the remainder when x is divided by s.
5
Let j(n) = -n**2 - 45*n + 266. What is the remainder when j(5) is divided by 2?
0
Let a = 650 + -402. What is the remainder when a is divided by 14?
10
Let g(p) = 23 - 7*p + 0*p + 2*p + 4*p. Let i be g(14). Let v(n) = 3*n - 19. Calculate the remainder when 23 is divided by v(i).
7
What is the remainder when 144 is divided by 3 + 2/9 + 5236/252?
0
Let q = -40 + 52. Let c(y) = 33 + 4 - q + y + 19. What is the remainder when c(-8) is divided by 8?
4
Let a = 31 - 67. Let g = 51 + a. What is the remainder when g is divided by 12?
3
Suppose 0*t - 5*m = -3*t + 17, -2*t + m = -9. Let s(k) = k**3 + 87*k**2 + 320*k - 993. What is the remainder when t is divided by s(-83)?
1
Let y(c) = 0*c**2 + 4*c**2 - 203*c + 101*c + 5 + 116*c. What is the remainder when y(-7) is divided by 8?
7
Let t = 85 - 179. What is the remainder when 3/5 - ((-295)/50*6 + 4) is divided by 6/21 + t/(-14)?
4
Calculate the remainder when -2 + ((-102630)/(-297) - 4/(-9))/2 is divided by 8.
3
Suppose 4005*n + 1395 = 4010*n. What is the remainder when 852 is divided by n?
15
Suppose 4*f - 2*s = 388, -6*f - s = -395 - 155. What is the remainder when 3158 is divided by f?
89
Let n(d) = -3*d - 11. Suppose 4*l - 176 - 154 = -g, 3*l - 3*g = 240. Calculate the remainder when l is divided by n(-6).
5
Suppose 2550 + 1013 = 165*v + 428. Let z = 101 + -45. Calculate the remainder when z is divided by v.
18
Let m(f) = -4*f**3 - 23*f**2 - 53*f - 1. What is the remainder when m(-6) is divided by 93?
74
What is the remainder when (36675/326 + ((-5)/(-2))/1)*225 is divided by 114?
111
Let c(w) = 2*w + 22. Let k be c(-9). Suppose k*h = 3*h. Calculate the remainder when 62 is divided by (h - -1)*-1 - -17.
14
What is the remainder when 730 is divided by -3 - (15 - (-1410)/(-10))?
115
Let k be (-387)/(-21) - 6/14. Let n(y) = 4*y - 70. Calculate the remainder when 9 is divided by n(k).
1
Suppose -3*k + 5*t + 20 = 0, -7*t - 16 = -2*k - 3*t. Suppose -2*f + 62 - 8 = k. What is the remainder when (1 - 105)*(-2)/2 is divided by f?
23
Suppose -8*f + 9*f - 609 = b, -20 = 5*b. What is the remainder when f is divided by 100?
5
Let a = -5199 + 5290. Calculate the remainder when 1370 is divided by a.
5
Suppose 4*s + 2*d - 2746 = 0, -3*s - d + 2253 = 192. Calculate the remainder when s is divided by 224.
16
Let f = -280 + 164. Let p = 194 + f. Suppose 38261 = -1054*g + 539*g - 1520*g + 119661. What is the remainder when p is divided by g?
38
Let s be (-6)/9*(1 + -7). Let m = s - 39. Calculate the remainder when (-6)/15 - 819/m is divided by 6.
5
Suppose 4*o + 1872 = -6308. Calculate the remainder when o/(-55) - 5/55*2 is divided by 20.
17
Suppose -970 - 549 = -7*i. Let w = i + -179. Let f(g) = g**2 - 2*g + 6. What is the remainder when w is divided by f(4)?
10
Let q = -41 - -46. Suppose 4*y - 125 = -5*z, -3*y + 85 = -y - q*z. Let p = -328 - -340. Calculate the remainder when y is divided by p.
11
Suppose -15 = -3*o, -43 = r - 3*o - 58. What is the remainder when 204 is divided by r?
24
Suppose -4*h + 7*r = 93 - 644, 0 = 4*h + r - 575. Calculate the remainder when h is divided by (-18)/15*100/(-3).
23
Let p(b) = 19*b**2 + 23*b + 112. Calculate the remainder when p(-5) is divided by 116.
8
Suppose -7*z + 9*z = -p - 3, 5*p - 7 = z. Calculate the remainder when z + 5 + -2 - -8 is divided by 2.
1
Suppose 343*g - 15912 = 190*g. Calculate the remainder when 112 is divided by g.
8
Suppose -r = -296*j + 299*j - 2356, j + 2 = 0. Calculate the remainder when r is divided by 1174.
14
Suppose 0 = 17*o + 4289 - 4969. What is the remainder when 881 is divided by o?
1
Calculate the remainder when 3/(-9) - (-23851)/183 is divided by 7.
4
Let q = 2835 - 1716. Calculate the remainder when q is divided by 140.
139
Let g be 120/((1 + 10/2)/4). Suppose -78*n - 236 = -g*n. Calculate the remainder when n is divided by 30.
28
Suppose -3*o + 89 - 35 = 0. What is the remainder when o is divided by (-714)/(-45) - 2/(-15)?
2
Let l be 8/32 + 46/8. Suppose 0*b - l*b - 30 = 0. Calculate the remainder when 73 is divided by (-8 + 4 + -4 - -3)*b.
23
Calculate the remainder when 73 is divided by 95/9 - 488/(-1098).
7
Let p(f) = -20*f - 20. Suppose -21 = -5*n + 24. Let c = 46 - n. Calculate the remainder when c is divided by p(-2).
17
Suppose -352*p - 68582 = -1646*p. Let q(r) = 3*r**3 + 2*r**2 + 2*r - 3. Calculate the remainder when p is divided by q(2).
20
Suppose 12 = -2*p, 119*m - 3*p -